 divide 4503?
True
Is 23 a factor of 2484?
True
Is 7 a factor of 86118?
False
Is 12 a factor of 48492?
True
Does 7 divide 280?
True
Is 20757 a multiple of 111?
True
Is 5 a factor of 9756?
False
Is 853 a multiple of 30?
False
Is 9194 a multiple of 65?
False
Is 6 a factor of 828?
True
Is 884 a multiple of 52?
True
Does 5 divide 177?
False
Is 10 a factor of 120?
True
Is 6 a factor of 1965?
False
Is 261 a multiple of 12?
False
Is 858 a multiple of 26?
True
Is 10 a factor of 2894?
False
Is 81576 a multiple of 69?
False
Does 23 divide 711?
False
Is 25 a factor of 25?
True
Is 44 a factor of 4176?
False
Is 34 a factor of 8512?
False
Does 35 divide 636?
False
Is 87 even?
False
Is 61 a factor of 1037?
True
Is 577 a multiple of 144?
False
Is 5 a factor of 68?
False
Is 20 a factor of 1659?
False
Does 11 divide 653?
False
Is 90 a factor of 1581?
False
Is 6720 a multiple of 84?
True
Is 20969 a multiple of 45?
False
Is 2321 a multiple of 3?
False
Is 8505 a multiple of 9?
True
Does 21 divide 22092?
True
Does 100 divide 1200?
True
Is 18 a factor of 4743?
False
Is 13 a factor of 15458?
False
Does 26 divide 1328?
False
Does 5 divide 2986?
False
Is 901 a multiple of 65?
False
Does 45 divide 3735?
True
Is 17 a factor of 4311?
False
Is 24 a factor of 15552?
True
Is 47 a factor of 16004?
False
Is 10 a factor of 3116?
False
Is 11 a factor of 5324?
True
Is 76 a factor of 912?
True
Is 9 a factor of 11032?
False
Does 6 divide 23598?
True
Is 10992 a multiple of 97?
False
Is 1064 a multiple of 28?
True
Is 11 a factor of 198?
True
Does 40 divide 2162?
False
Is 3 a factor of 1981?
False
Is 50315 a multiple of 145?
True
Is 2489 a multiple of 19?
True
Is 2400 a multiple of 30?
True
Is 830 even?
True
Is 4200 a multiple of 84?
True
Is 312 a factor of 39834?
False
Does 49 divide 490?
True
Is 1097 a multiple of 13?
False
Does 14 divide 3010?
True
Is 3352 even?
True
Does 29 divide 14717?
False
Is 1377 a multiple of 9?
True
Is 142 a factor of 5600?
False
Is 16 a factor of 329?
False
Is 11 a factor of 19404?
True
Is 1410 a multiple of 47?
True
Does 23 divide 161506?
True
Is 2281 a multiple of 5?
False
Is 31 a factor of 93?
True
Does 97 divide 9408?
False
Does 18 divide 21960?
True
Is 284 a multiple of 4?
True
Is 7 a factor of 1939?
True
Is 6 a factor of 1385?
False
Is 92 a factor of 1012?
True
Is 11900 a multiple of 25?
True
Does 156 divide 14352?
True
Is 20 a factor of 823?
False
Is 9 a factor of 576?
True
Does 14 divide 238?
True
Is 578 a multiple of 4?
False
Is 78 a factor of 762?
False
Is 440 a multiple of 20?
True
Is 2717 even?
False
Is 36644 a multiple of 66?
False
Does 16 divide 3621?
False
Is 803 a multiple of 8?
False
Is 191 a multiple of 4?
False
Is 137 a multiple of 3?
False
Does 4 divide 6068?
True
Is 20 a factor of 1000?
True
Is 190 a factor of 5320?
True
Does 145 divide 48285?
True
Is 2210 a multiple of 13?
True
Does 56 divide 505?
False
Is 3288 a multiple of 51?
False
Is 53 a factor of 1484?
True
Does 45 divide 261?
False
Does 7 divide 693?
True
Is 22 a multiple of 11?
True
Is 16 a factor of 784?
True
Does 15 divide 226?
False
Does 6 divide 133?
False
Is 49 a factor of 3812?
False
Is 14 a factor of 40782?
True
Is 3258 a multiple of 8?
False
Does 8 divide 96?
True
Is 45 a factor of 42030?
True
Is 14 a factor of 6038?
False
Does 81 divide 405?
True
Is 31301 a multiple of 59?
False
Is 642 a multiple of 27?
False
Does 194 divide 35696?
True
Is 2130 a multiple of 15?
True
Is 12 a factor of 710?
False
Is 173 a factor of 880?
False
Is 49 a factor of 1955?
False
Is 5052 a multiple of 65?
False
Does 65 divide 924?
False
Is 27 a factor of 1458?
True
Is 8 a factor of 6652?
False
Is 59 a factor of 2255?
False
Is 2031 a multiple of 20?
False
Does 15 divide 42255?
True
Does 21 divide 1212?
False
Does 58 divide 232?
True
Is 24 a factor of 911?
False
Is 6236 a multiple of 12?
False
Is 22 a factor of 501?
False
Is 428 a multiple of 9?
False
Is 21195 a multiple of 46?
False
Is 46 a factor of 6210?
True
Is 12 a factor of 3168?
True
Is 2857 a multiple of 3?
False
Is 6 a factor of 5058?
True
Is 40 a factor of 4000?
True
Does 9 divide 11293?
False
Is 566 a multiple of 17?
False
Is 13 a factor of 122750?
False
Does 18 divide 284?
False
Does 2 divide 129?
False
Is 28 a factor of 32508?
True
Does 20 divide 377?
False
Does 19 divide 570?
True
Is 13 a factor of 151?
False
Is 19 a factor of 1737?
False
Is 9594 a multiple of 39?
True
Is 7 a factor of 1211?
True
Is 87 a factor of 4089?
True
Does 7 divide 1152?
False
Is 29 a factor of 22911?
False
Is 41 a factor of 902?
True
Does 68 divide 2000?
False
Does 76 divide 12047?
False
Is 7 a factor of 5882?
False
Is 178 a factor of 53877?
False
Is 18 a factor of 75?
False
Is 776 a multiple of 35?
False
Does 15 divide 13425?
True
Is 13 a factor of 23738?
True
Is 1410 a multiple of 94?
True
Is 23 a factor of 294?
False
Does 6 divide 156?
True
Is 76 a factor of 6916?
True
Does 10 divide 231?
False
Is 8 a factor of 147?
False
Is 40 a factor of 1930?
False
Does 32 divide 279?
False
Is 2 a factor of 1902?
True
Is 5623 even?
False
Is 15 a factor of 341?
False
Is 34 a factor of 68?
True
Is 7 a factor of 545?
False
Does 12 divide 3621?
False
Is 6574 a multiple of 45?
False
Is 107 even?
False
Is 278 a multiple of 5?
False
Is 19 a factor of 1672?
True
Does 52 divide 673?
False
Is 2382 a multiple of 16?
False
Is 14 a factor of 38150?
True
Is 21 a factor of 144?
False
Is 104 a factor of 2831?
False
Is 32 a factor of 569?
False
Is 9172 even?
True
Is 148 a multiple of 22?
False
Is 60 a multiple of 12?
True
Is 22 a factor of 952?
False
Is 27880 a multiple of 164?
True
Is 40 a factor of 280?
True
Is 54 a factor of 2529?
False
Is 109 a factor of 5450?
True
Does 12 divide 8184?
True
Is 6 a factor of 2647?
False
Is 63 a factor of 7119?
True
Does 23 divide 469?
False
Is 22189 a multiple of 4?
False
Is 4 a factor of 38?
False
Is 3591 a multiple of 9?
True
Is 2478 a multiple of 14?
True
Is 10 a factor of 605?
False
Does 8 divide 112?
True
Is 15 a factor of 29815?
False
Is 800 a multiple of 20?
True
Is 16960 a multiple of 32?
True
Is 778 a multiple of 10?
False
Does 112 divide 8736?
True
Does 5 divide 170?
True
Is 11 a factor of 2255?
True
Does 75 divide 15300?
True
Does 3 divide 379?
False
Is 5 a factor of 1342?
False
Is 340 a multiple of 12?
False
Is 16910 a multiple of 10?
True
Does 18 divide 2232?
True
Is 4400 a multiple of 13?
False
Is 4 a factor of 532?
True
Does 142 divide 1136?
True
Is 8 a factor of 11920?
True
Does 13 divide 2109?
False
Is 1033 a multiple of 310?
False
Does 122 divide 37332?
True
Is 122 a factor of 1458?
False
Does 64 divide 9728?
True
Is 2526 a multiple of 4?
False
Does 13 divide 55289?
True
Is 21 a factor of 4156?
False
Is 9 a factor of 86039?
False
Is 20 a factor of 330?
False
Is 9 a factor of 20736?
True
Is 13 a factor of 177?
False
Is 3959 a multiple of 37?
True
Is 62 a factor of 6088?
False
Is 4213 a multiple of 41?
False
Does 3 divide 24847?
False
Is 51501 a multiple of 23?
False
Does 8 divide 135?
False
Is 45 a factor of 4501?
False
Is 128 a multiple of 16?
True
Does 20 divide 738?
False
Is 227 a multiple of 12?
False
Is 1305 a multiple of 26?
False
Is 44 a factor of 3116?
False
Does 10 divide 300?
True
Is 13 a factor of 23998?
True
Is 663 a multiple of 13?
True
Is 19 a factor of 798?
True
Does 138 divide 53544?
True
Does 44 divide 808?
False
Is 33 a factor of 5752?
False
Does 61 divide 549?
True
Is 6 a factor of 15666?
True
Does 7 divide 96?
False
Does 15 divide 1381?
False
Does 41 divide 53505?
True
Is 150 a multiple of 5?
True
Is 13549 a multiple of 7?
False
Is 858 a multiple of 39?
True
Is 18 a factor of 594?
True
Is 34 a factor of 68?
True
Is 58 a factor of 1624?
True
Is 41742 a multiple of 19?
False
Does 29 divide 4957?
False
Is 2189 a multiple of 11?
True
Is 21 a factor of 1365?
True
Is 2941 a multiple of 17?
True
Does 8 divide 1255?
False
Is 11665 a multiple of 7?
False
Is 37 a factor of 7733?
True
Is 7 a factor of 226?
False
Is 38747 a multiple of 23?
False
Is 60 a multiple of 3?
True
Does 31 divide 7488?
False
Does 27 divide 218?
False
Does 2 divide 105?
False
Does 102 divide 29886?
True
Is 990 a multiple of 55?
True
Is 395 a multiple of 3?
False
Is 24 a factor of 720?
True
Is 900 a multiple of 12?
True
Is 31 a factor of 11423?
F